emainder when 2435 is divided by 320.
195
Calculate the remainder when 244948 is divided by 244941.
7
Calculate the remainder when 8245 is divided by 394.
365
Calculate the remainder when 15233 is divided by 1015.
8
What is the remainder when 517 is divided by 167?
16
Calculate the remainder when 12486 is divided by 558.
210
What is the remainder when 74482 is divided by 1734?
1654
Calculate the remainder when 4083 is divided by 1349.
36
Calculate the remainder when 3460 is divided by 684.
40
What is the remainder when 50904 is divided by 286?
282
What is the remainder when 42856 is divided by 21425?
6
Calculate the remainder when 61897 is divided by 20610.
67
Calculate the remainder when 2936 is divided by 493.
471
What is the remainder when 75274 is divided by 80?
74
What is the remainder when 61548 is divided by 148?
128
Calculate the remainder when 85010 is divided by 780.
770
Calculate the remainder when 169216 is divided by 78.
34
What is the remainder when 14461 is divided by 18?
7
What is the remainder when 1777 is divided by 431?
53
What is the remainder when 215948 is divided by 50?
48
What is the remainder when 645 is divided by 45?
15
What is the remainder when 18047 is divided by 2931?
461
Calculate the remainder when 118089 is divided by 7.
6
Calculate the remainder when 26809 is divided by 60.
49
Calculate the remainder when 27344 is divided by 11.
9
Calculate the remainder when 108984 is divided by 32.
24
What is the remainder when 822261 is divided by 7?
6
Calculate the remainder when 81591 is divided by 170.
161
Calculate the remainder when 1258 is divided by 574.
110
What is the remainder when 896008 is divided by 17?
6
Calculate the remainder when 53921 is divided by 84.
77
Calculate the remainder when 306312 is divided by 27.
24
What is the remainder when 2671 is divided by 310?
191
Calculate the remainder when 474350 is divided by 38.
34
Calculate the remainder when 62976 is divided by 356.
320
What is the remainder when 496 is divided by 218?
60
Calculate the remainder when 4101 is divided by 683.
3
What is the remainder when 934 is divided by 91?
24
What is the remainder when 3155 is divided by 288?
275
Calculate the remainder when 96488 is divided by 32161.
5
What is the remainder when 5789 is divided by 1155?
14
Calculate the remainder when 4513 is divided by 91.
54
What is the remainder when 2213118 is divided by 13?
11
What is the remainder when 89591 is divided by 137?
130
Calculate the remainder when 22934 is divided by 288.
182
What is the remainder when 1259 is divided by 1008?
251
Calculate the remainder when 139390 is divided by 34714.
534
Calculate the remainder when 223017 is divided by 287.
18
What is the remainder when 58630 is divided by 8369?
47
What is the remainder when 8402 is divided by 8150?
252
What is the remainder when 119808 is divided by 22?
18
What is the remainder when 20158 is divided by 28?
26
Calculate the remainder when 344968 is divided by 271.
256
Calculate the remainder when 7338 is divided by 552.
162
Calculate the remainder when 1652 is divided by 379.
136
Calculate the remainder when 768 is divided by 350.
68
Calculate the remainder when 81533 is divided by 90.
83
What is the remainder when 87053 is divided by 551?
546
What is the remainder when 3365 is divided by 168?
5
What is the remainder when 10737 is divided by 3504?
225
Calculate the remainder when 124791 is divided by 42.
9
What is the remainder when 389950 is divided by 616?
22
Calculate the remainder when 247157 is divided by 247086.
71
Calculate the remainder when 196732 is divided by 911.
867
What is the remainder when 8732 is divided by 2900?
32
What is the remainder when 389703 is divided by 1330?
13
What is the remainder when 2316 is divided by 101?
94
Calculate the remainder when 3484 is divided by 1234.
1016
Calculate the remainder when 9981 is divided by 97.
87
Calculate the remainder when 38140 is divided by 44.
36
Calculate the remainder when 18461 is divided by 3076.
5
Calculate the remainder when 1211 is divided by 130.
41
What is the remainder when 49884 is divided by 58?
4
What is the remainder when 4705 is divided by 116?
65
What is the remainder when 18743 is divided by 18743?
0
Calculate the remainder when 11223 is divided by 5502.
219
Calculate the remainder when 39715 is divided by 19827.
61
What is the remainder when 133721 is divided by 1408?
1369
What is the remainder when 37234 is divided by 5?
4
Calculate the remainder when 844 is divided by 294.
256
Calculate the remainder when 79329 is divided by 231.
96
What is the remainder when 24985 is divided by 403?
402
Calculate the remainder when 15151 is divided by 31.
23
Calculate the remainder when 36056 is divided by 311.
291
Calculate the remainder when 4025 is divided by 3.
2
Calculate the remainder when 535708 is divided by 32.
28
What is the remainder when 14942 is divided by 55?
37
What is the remainder when 1016 is divided by 959?
57
Calculate the remainder when 377189 is divided by 94296.
5
Calculate the remainder when 871 is divided by 97.
95
Calculate the remainder when 5388 is divided by 31.
25
Calculate the remainder when 91903 is divided by 432.
319
What is the remainder when 69140 is divided by 461?
451
What is the remainder when 83844 is divided by 226?
224
What is the remainder when 88495 is divided by 29489?
28
What is the remainder when 3828 is divided by 29?
0
What is the remainder when 126457 is divided by 34?
11
What is the remainder when 1998 is divided by 65?
48
Calculate the remainder when 93934 is divided by 98.
50
Calculate the remainder when 23686 is divided by 7891.
13
What is the remainder when 2362 is divided by 12?
10
Calculate the remainder when 202857 is divided by 115.
112
Calculate the remainder when 17751 is divided by 3461.
446
What is the remainder when 111650 is divided by 111636?
14
Calculate the remainder when 8322 is divided by 158.
106
Calculate the remainder when 768 is divided by 59.
1
What is the remainder when 23444 is divided by 2131?
3
Calculate the remainder when 2787196 is divided by 696796.
12
Calculate the remainder when 2947 is divided by 2922.
25
What is the remainder when 1582 is divided by 784?
14
Calculate the remainder when 73615 is divided by 211.
187
Calculate the remainder when 22901 is divided by 20.
1
Calculate the remainder when 21928 is divided by 170.
168
What is the remainder when 76553 is divided by 409?
70
Calculate the remainder when 12590 is divided by 435.
410
Calculate the remainder when 2868 is divided by 1006.
856
Calculate the remainder when 28807 is divided by 343.
338
What is the remainder when 13192 is divided by 172?
120
Calculate the remainder when 2356 is divided by 782.
10
What is the remainder when 6932 is divided by 5?
2
Calculate the remainder when 1576 is divided by 1207.
369
What is the remainder when 1893 is divided by 1676?
217
What is the remainder when 92564 is divided by 38?
34
Calculate the remainder when 3144 is divided by 434.
106
What is the remainder when 1897311 is divided by 562?
561
Calculate the remainder when 4979 is divided by 2488.
3
Calculate the remainder when 538790 is divided by 46.
38
What is the remainder when 288 is divided by 107?
74
Calculate the remainder when 5394 is divided by 120.
114
Calculate the remainder when 16581243 is divided by 1301.
1299
Calculate the remainder when 160045 is divided by 342.
331
What is the remainder when 51547 is divided by 3681?
13
What is the remainder when 13010 is divided by 169?
166
What is the remainder when 14291 is divided by 4761?
8
Calculate the remainder when 149101 is divided by 74.
65
What is the remainder when 3532780 is divided by 16?
12
What is the remainder when 90850 is divided by 67?
65
What is the remainder when 15657 is divided by 326?
9
Calculate the remainder when 5693 is divided by 1247.
705
What is the remainder when 19576 is divided by 124?
108
Calculate the remainder when 32784 is divided by 2043.
96
What is the remainder when 52076 is divided by 28?
24
Calculate the remainder when 12179 is divided by 39.
11
Calculate the remainder when 5640 is divided by 96.
72
Calculate the remainder when 966 is divided by 13.
4
What is the remainder when 207411 is divided by 18?
15
What is th